2) + (12 - 13)?
1
What is the value of -1 + (0 - 5) + 6 + -5?
-5
-3 + 4 - 2 - -2
1
(-3 - -4) + -2 + 4 + 1
4
What is 7 - (1 + -9 - (-43 - -34))?
6
-8 + (-1 - -3) + 5
-1
What is the value of -3 + 3 + -2 + -3?
-5
What is the value of 11 + -1 + -9 + -2 + 4?
3
What is the value of (-6 - ((-4 - -2) + 2)) + 5?
-1
-30 - -27 - (4 - 2)
-5
-7 + -2 + 3 + (10 - 1)
3
(-3 - (4 + (-1 - 2))) + 2
-2
Evaluate (5 - 6) + -2 + (2 - 0).
-1
Calculate -1 + 2 + -11 + 12.
2
Evaluate -10 + 4 + 4 + -1.
-3
Evaluate 3 - (-6 + 4 + 2).
3
Calculate -10 + -6 + 8 + 3.
-5
What is the value of 10 + (-10 - (-3 + 3))?
0
Calculate -5 + (0 + 0 - 3 - -4).
-4
What is 8 - 9 - (2 + 0) - -4?
1
Calculate 4 - (4 - -2) - -1.
-1
Evaluate -8 + 1 - (-41 + 40).
-6
What is 1 + 1 - (2 - 5)?
5
Calculate (-2 - -1) + (0 - -3) + 4.
6
Evaluate 11 - (14 + (12 - 11)).
-4
6 - (-7 - -7 - -11)
-5
Evaluate -2 + (7 - (2 + -1)).
4
What is 91 + -86 + -2 + 1 + -8?
-4
Evaluate (4 - 0) + -3 - 3.
-2
What is the value of -11 + (3 - 2) - -4?
-6
Evaluate (-2 - -1) + (1 - 4) - -1.
-3
Evaluate 5 + (-7 - -6 - 2) - 8.
-6
What is 1 + (-5 + 1 - -1 - 3)?
-5
Calculate (-2 - (-6 + -3)) + -2.
5
(-3 - -1) + 6 + -5
-1
Calculate (0 - (2 + 0)) + 3.
1
-2 - (16 - 13) - (3 - 1)
-7
What is -5 + 1 + 12 + -12?
-4
Calculate 2 + (1 - (-7 + 9)).
1
What is the value of -5 + (0 - (6 - (1 - -4)))?
-6
What is the value of 5 + -1 + (-89 - -90)?
5
What is 3 - (4 - (-4 - (-5 + 1)))?
-1
Calculate -3 - (8 + -6 - -5 - 8).
-2
Evaluate -2 - ((-10 - -13) + -8).
3
Evaluate 16 - (-7 - (-19 + 3)).
7
8 + -6 + -2 + 2
2
What is the value of -4 + -1 + 0 + 2?
-3
What is the value of 1 + (0 - (-1 + 7))?
-5
What is 8 + -1 - (-2 - -15)?
-6
Evaluate (1 - -13) + -11 - (1 - 0).
2
Evaluate 4 + -2 - -3 - (3 - -1).
1
What is -1 + 1 + 1 + (2 - -1)?
4
What is the value of -6 + (-8 - -4 - (-14 - -4))?
0
Evaluate -11 + (9 - (2 + -1)).
-3
Evaluate (71 - 67) + 1 + -3.
2
What is the value of 0 - -4 - -2 - (-1 + 3)?
4
Evaluate -2 + -1 - (2 + (0 - 2)).
-3
Calculate (10 + -2 - -1) + -1 + -3.
5
Evaluate (0 - -4) + 0 - (47 - 43).
0
What is (-10 + 2 - -3) + -2?
-7
What is -8 - -10 - (0 - (2 + 0))?
4
What is the value of 7 + -16 - -1 - -5?
-3
What is the value of (7 - 4) + -7 - (1 + 0)?
-5
What is 10 + 9 - (4 + 7)?
8
What is the value of -8 + ((3 - 3) + 1 - -2)?
-5
-5 + 0 + (34 + -8 - 16)
5
(3 - 0) + -5 + (3 - 0)
1
Evaluate 2 + 4 + (-12 - -2) + 2.
-2
-4 + 10 - 10 - 2
-6
Calculate (8 + -3 - 4) + -4.
-3
Calculate -4 - (-3 + 6 - (7 - 2)).
-2
Evaluate 29 + -31 - (-4 + 1).
1
Evaluate 7 - (9 - 14 - -11).
1
What is the value of -4 + (3 - 6 - -9)?
2
What is the value of 3 + -6 - (-7 + 1) - 4?
-1
What is 5 - ((-2 - -2) + 6)?
-1
(2 - (0 + 3)) + 0
-1
What is the value of (-59 - -53) + (11 - 1)?
4
What is 3 - 2 - (0 - 2)?
3
Calculate -28 + 17 + 9 - (-4 + -1).
3
(-15 - -10) + (7 - 0)
2
2 - (-7 - (-5 - 7))
-3
-7 + (0 - -4 - 1)
-4
7 + 2 - (1 - -4) - 2
2
What is the value of -5 - (7 - (-2 + 8)) - -11?
5
What is -1 - (-8 + 4 + 0)?
3
What is (0 - (4 + -8)) + -3?
1
Calculate (9 - (-9 + 12)) + (0 - 13).
-7
What is (-2 - 1) + 7 + (-1 - 3)?
0
Evaluate -1 + (11 - 9) + -8.
-7
What is the value of 0 + 0 - (-20 - -21)?
-1
What is the value of (0 - 4) + (2 - -1 - 2)?
-3
7 - (10 - 2 - (-15 + 19))
3
-7 - (5 - 19) - 15
-8
What is -3 + -1 - (0 - 3)?
-1
Evaluate -5 + (-1 - -2) + 0 + 2.
-2
Calculate (-2 - 6 - -4) + 1.
-3
Evaluate 1 + 1 + -6 + 0.
-4
What is the value of -17 + 3 - (-69 + 64)?
-9
What is -6 + (2 - -5) + -4?
-3
Calculate 3 - 3 - (11 - (6 + 6)).
1
What is 43 - 45 - (1 + 4)?
-7
Calculate -15 - (-14 + 11 + -7).
-5
Evaluate 2 + 2 + 0 + -2.
2
What is -2 - (-3 - (-2 + 5))?
4
What is -66 + 65 + (-3 - 2)?
-6
-31 - -24 - (-1 + -2 + 1)
-5
(-3 - 0 - -3) + -2
-2
Evaluate -1 + (1 - (1 - -2)) + 3.
0
Evaluate (-7 - (-1 - 6)) + (-1 - 2).
-3
What is the value of (-1 - (-2 + 2 + -2)) + 0?
1
Evaluate 10 + -8 + 0 + 1.
3
Evaluate 3 + (10 - 23 - (-3 + -1)).
-6
Evaluate -2 - (3 - (4 - 3)).
-4
What is 1 - (8 + (-10 - -4) - -2)?
-3
What is -5 + (4 - -2) + -2 + -3?
-4
Evaluate (0 - -1) + (2 - -1) - -1.
5
-4 - (2 + (-3 - 2))
-1
What is the value of 7 + 5 + -10 + 1?
3
Calculate -1 + 1 - (-1 - -6).
-5
What is the value of 9 - (5 + -7) - 18?
-7
What is -4 + 9 + (5 - 6)?
4
What is the value of -2 + 6 - (2 - (-2 + 3))?
3
0 + (1 - 8) - (-701 + 694)
0
Evaluate 3 + -2 + 36 + -40.
-3
(2 + (2 - 1) - 4) + -2
-3
Calculate 6 + -3 - 1 - 1.
1
Calculate 14 + -5 + -5 - 8.
-4
What is -2 + -2 + (-3 - -12) + 0?
5
What is (-32 - -37) + (0 - 1) + 1?
5
Evaluate -4 - 3 - (-8 + -2).
3
6 - (6 + -4 + 2)
2
What is -8 - -10 - ((0 - 1) + -1)?
4
(12 - 0) + (-151 - -133)
-6
What is -3 - (6 + -1 + -11)?
3
0 - (-7 - 0 - (-3 - 0))
4
Calculate (-1 - -1 - 1) + (129 - 123).
5
Calculate -5 + 5 + (3 - 6).
-3
(-5 - (-2 + 4)) + (32 - 20)
5
(1 - 2 - -1) + 61 + -63
-2
What is (0 - 10) + (16 - 13)?
-7
What is 13 + -9 + (-3 - 1 - 2)?
-2
-10 - (7 + -12 - 1)
-4
Evaluate -1 + (-17 - -13) + -1 + 4.
-2
Evaluate -2 - (4 - (3 + 1)).
-2
What is 3 - (-1 + (2 - 1))?
3
0 - (-6 + (2 + 5 - -1))
-2
What is -59 + 60 - (-1 - 1)?
3
What is -3 + 0 + (-4 - -12)?
5
What is -6 - (-8 - ((2 - 4) + -3))?
-3
What is the value of (4 - 6) + -5 + 2?
-5
Evaluate (-32 - -34) + 0 + -5.
-3
Evaluate (0 - 7) + (-18 - -11 - -11).
-3
What is the value of -8 + 11 - (2 - 5 - -12)?
-6
Calculate -4 + (-2 - -6) + 0.
0
Calculate -3 - (-19 + (4 - -5)).
7
What is -2 + (0 - 0) + -1?
-3
What is 2 + 10 + -6 + -11?
-5
3 - (4 - -3) - (3 + -7)
0
Evaluate -1 - ((4 - 4) + -1) - 2.
-2
Calculate 7 - (3 - (0 + -1)).
3
What is -9 + (7 - (-3 + 5))?
-4
What is -2 - (-2 - (-4 + 3))?
-1
Evaluate -2 + (-8 - -13) + -4.
-1
Evaluate -2 + (-5 - -2) - (-23 - -16).
2
(-2 - -13) + (-5 - 1) + -3
2
1 + (-13 - -4) - -11
3
What is the value of (-1 - -10) + -43 + 37?
3
7 + -11 + 16 + -12
0
What is 6 + -1 - (-4 + 13 + 1)?
-5
Calculate 2 - ((-1 - -1) + -2 + 0).
4
Calculate 18 - 16 - (4 - -1).
-3
What is the value of -1 + -2 + 2 + -2?
-3
Evaluate -1 + 1 - -2 - (5 + -3).
0
Calculate 1 + 0 + (6 + -5 - 4).
-2
Evaluate 2 + -7 + (1 - 1).
-5
(-2 - (3 - 3)) + -2 + 1
-3
Calculate (2 - -1) + (4 - 8).
-1
Calculate -13 + (-4 - -3) + 21.
7
Calculate 0 + (0 - 1) - 3.
-4
What is 3 - (3 + (0 + -8 - -3))?
5
Calculate 0 - (9 - -5) - -9.
-5
9 - ((27 - 7) + -6)
-5
What is 0 + (-6 - -3 - -5)?
2
Calculate -5 + 2 + -2 - -1.
-4
What is the value of 1 + -2 + -2 + 6?
3
What is the value of -1 + 9 + (-9 - 4)?
-5
Evaluate (7 - 6) + 3 + (-4 - -2).
2
Calculate -178 - -179 - (10 + 0 + 0).
-9
Calculate 12 - (14 + -4) - -8.
10
What is the value of -4 + (-1 - (-1 - (3 + -4)))?
-5
What is 1 + 0 + 6 + -5?
2
What is (3 - 0) + -8 + 2?
-3
What is the value of 3 - 7 - (-4 + 1 + -6)?
5
Calculate 4 + (2 + -2 - -2 - 3).
3
What is the value of -1 + 1 + -6 + 82 + -79?
-3
(7 - 5) + -1 + 4
5
Calculate 3 + -1 + -1 + 2 - 4.
-1
Calculate 4 + -4 + -3 + 4 - 4.
-3
Calculate 11 + (22 - 12) - 11.
10
Calculate -7 - -1 - 1 - (1 + -3).
-5
What is 0 - (3 - 3) - 5?
-5
Evaluate (-1 - 1) + (-21 - (-40 + 20)).
-3
What is -1 - (2 + -1 + (1 - 5))?
2
8 + (-1 - (1 - (-2 + 1)))
5
What is -4 + -4 + 18 + -11?
-1
Calculate (-9 - 0) + (-7 - -17).
1
11 - 5 - (-14 + 20)
0
Evaluate -16 + 16 + (1 - -2) + -1.
2
5 - (2 + 5) - -4
2
What is the value of 0 - (-3 - (-5 + -3 + 0))?
-5
What is the value of -9 - (6 + -21 + 10)?
-4
Evaluate -14 - -17 - (-3 - -1).
5
What is -2 - (0 - (-3 - 0))?
-5
-9 - -11 - 4 - -10
8
Calculate ((-4 - 3) + 8 - -7) + -6.
2
Evaluate -9 + -12 + 10 - -3.
-8
What is (5 - (13 - 5)) + -2?
-5
What is the value of -3 - (-7 + 8 - (1 + 0))?
-3
Calculate (-137 - -135) + 13 + -1.
10
Calculate -13 + 12 + 8 - 10.
-3
What is the value of 11 - (-5 + 25) - -4?
-5
What is 3 + -3 - (0 + (0 - 0))?
0
Calculate -2 - (-6 - 0) - (6 - 2).
0
What is the value of (-4 + -2 + 3 - -11) + -1?
7
What is 1 + 8 + -44 + 39?
4
Evaluate -3 - (3 + -9 + 3).
0
Calculate -11 + 3 - (7 - 12).
-3
Evaluate -1 + -1 + 5 + -2 - 1.
0
Calculate (1 - 8) + (6 + 8 - 4).
3
-1 + 1 + 2 + -4
-2
Evaluate 2 + 1 + -4 + -3.
-4
What is 1 + 7 + -13 - -6?
1
Calculate 2 + -3 + 8 + -10.
-3
Calculate -1 + 0 + (-4 - -1).
-4
Evaluate (-3 - -1) + (2 - 0) + -2.
-2
What is the value of 0 + 10 - (-13 - -17)?
6
What is the value of 0 + (5 + 4 - 4)?
5
Evaluate -4 - (1 - (3 - (4 + -7))).
1
6 - (-4 + 12 + 0) - 7
-9
(6 - 0) + -167 + 159
-2
-3 - 2 - (-4 + -3 - 2)
4
Calculate